162 prime?
False
Is 33895 prime?
False
Is 34319 prime?
True
Is 12047 prime?
False
Is 56195 composite?
True
Is 66197 a composite number?
True
Is 27505 a composite number?
True
Is 581569 a prime number?
False
Is 5507 prime?
True
Is 6415 a composite number?
True
Is 5227 a composite number?
False
Is 33983 a prime number?
False
Is 6179 a composite number?
True
Is 119027 a prime number?
True
Is 9967 composite?
False
Is 14923 prime?
True
Is 5447 a prime number?
False
Is 20129 a composite number?
False
Is 6753 a prime number?
False
Is 762511 a prime number?
False
Is 131993 a prime number?
False
Is 12778 a composite number?
True
Is 72551 a prime number?
True
Is 5333 composite?
False
Is 72263 a prime number?
False
Is 82549 composite?
False
Is 21557 prime?
True
Is 77601 prime?
False
Is 262603 a prime number?
False
Is 12787 a composite number?
True
Is 485671 prime?
True
Is 52361 a prime number?
True
Is 27509 a prime number?
True
Is 66457 a composite number?
False
Is 9349 a composite number?
False
Is 123323 prime?
True
Is 4031 prime?
False
Is 9953 composite?
True
Is 11261 a prime number?
True
Is 202067 prime?
True
Is 50923 a composite number?
False
Is 141269 a composite number?
False
Is 18651 a composite number?
True
Is 22603 a prime number?
False
Is 313337 composite?
True
Is 175949 a composite number?
False
Is 629137 a composite number?
False
Is 17569 a composite number?
False
Is 2201 a composite number?
True
Is 127271 a prime number?
True
Is 1253 prime?
False
Is 44413 a prime number?
False
Is 458257 a composite number?
True
Is 3223 a prime number?
False
Is 1312079 prime?
True
Is 743 prime?
True
Is 1253071 composite?
False
Is 31861 a composite number?
True
Is 1181 a prime number?
True
Is 13657 prime?
False
Is 296363 composite?
False
Is 336373 a composite number?
False
Is 1393 composite?
True
Is 28079 prime?
False
Is 10589 a prime number?
True
Is 797189 prime?
False
Is 153793 composite?
True
Is 554 composite?
True
Is 8081 a prime number?
True
Is 966767 a prime number?
False
Is 1817 composite?
True
Is 4547 composite?
False
Is 842719 composite?
True
Is 3543 prime?
False
Is 1259 a composite number?
False
Is 13517 composite?
True
Is 19661 prime?
True
Is 521405 composite?
True
Is 674027 a composite number?
True
Is 219307 prime?
False
Is 463607 a composite number?
True
Is 134167 prime?
False
Is 8531 a composite number?
True
Is 1151 composite?
False
Is 572939 a composite number?
False
Is 3683391 a composite number?
True
Is 14383 a composite number?
True
Is 14123 a composite number?
True
Is 2185637 prime?
True
Is 12097 a composite number?
False
Is 2038 a composite number?
True
Is 4803139 a prime number?
False
Is 168047 prime?
False
Is 84857 a prime number?
True
Is 111526 a prime number?
False
Is 57973 a composite number?
False
Is 190207 composite?
False
Is 400891 composite?
True
Is 5941 a prime number?
False
Is 5261 composite?
False
Is 73583 a composite number?
False
Is 1471 a prime number?
True
Is 1901 a composite number?
False
Is 57457 a prime number?
True
Is 15541 a prime number?
True
Is 33379 prime?
False
Is 1673 a composite number?
True
Is 64319 a prime number?
True
Is 13207 a prime number?
False
Is 410759 a composite number?
False
Is 41681 a prime number?
True
Is 229357 a composite number?
True
Is 2653 a composite number?
True
Is 103919 a prime number?
True
Is 236254 prime?
False
Is 122663 composite?
False
Is 163 a prime number?
True
Is 77257 a prime number?
False
Is 61951 composite?
True
Is 331 composite?
False
Is 8551 a composite number?
True
Is 2909 a prime number?
True
Is 94273 composite?
False
Is 63647 prime?
True
Is 2194 composite?
True
Is 590509 a composite number?
True
Is 81611 composite?
False
Is 127639 a prime number?
False
Is 237457 a prime number?
False
Is 38413 a composite number?
True
Is 39587 a composite number?
True
Is 2696185 a composite number?
True
Is 3176795 a prime number?
False
Is 175611 composite?
True
Is 414833 composite?
False
Is 18857 prime?
False
Is 3284693 prime?
True
Is 3989 a composite number?
False
Is 676447 a composite number?
True
Is 23077 composite?
True
Is 74233 prime?
False
Is 6990317 a prime number?
True
Is 1065409 a prime number?
True
Is 33457 composite?
False
Is 802495 prime?
False
Is 1228091 a prime number?
True
Is 32837 composite?
True
Is 51773 composite?
True
Is 843043 composite?
False
Is 238513 a composite number?
True
Is 15427 composite?
False
Is 312617 a composite number?
False
Is 160294 prime?
False
Is 18591 prime?
False
Is 9811 a prime number?
True
Is 126389 composite?
True
Is 33727 a prime number?
False
Is 636841 composite?
True
Is 9383 composite?
True
Is 3610657 composite?
False
Is 1061 a prime number?
True
Is 34909 composite?
True
Is 110207 a prime number?
False
Is 2769805 a prime number?
False
Is 167681 a composite number?
True
Is 119059 a composite number?
True
Is 2053 a composite number?
False
Is 1320349 a prime number?
False
Is 453626 prime?
False
Is 1061 composite?
False
Is 359453 a composite number?
True
Is 11073 a composite number?
True
Is 47911 a composite number?
False
Is 110527 a composite number?
False
Is 29363 a prime number?
True
Is 59315 composite?
True
Is 42131 a composite number?
False
Is 125735 prime?
False
Is 77137 composite?
False
Is 147113 a prime number?
False
Is 247621 prime?
False
Is 10831 a composite number?
False
Is 439385 a prime number?
False
Is 6299 a composite number?
False
Is 965749 prime?
True
Is 7151 a composite number?
False
Is 16597 a prime number?
False
Is 68557 composite?
True
Is 25511 composite?
True
Is 60073 composite?
True
Is 22229 a composite number?
False
Is 2657 prime?
True
Is 12587 composite?
True
Is 2901 a prime number?
False
Is 385147 prime?
False
Is 29779 prime?
False
Is 8849 a prime number?
True
Is 450134 composite?
True
Is 66617 prime?
True
Is 18899 prime?
True
Is 7261 a prime number?
False
Is 95311 a composite number?
False
Is 6913 a composite number?
True
Is 2827 prime?
False
Is 169591 prime?
True
Is 39823 a prime number?
False
Is 585541 a composite number?
True
Is 14983 a prime number?
True
Is 1042681 a composite number?
False
Is 434909 a composite number?
False
Is 687133 prime?
False
Is 20329 a composite number?
True
Is 52835 composite?
True
Is 9733 composite?
False
Is 186593 prime?
False
Is 487361 a prime number?
False
Is 181709 composite?
True
Is 1042417 prime?
False
Is 213 prime?
False
Is 92793 prime?
False
Is 39745 a prime number?
False
Is 136301 prime?
False
Is 53315 a composite number?
True
Is 56569 a prime number?
True
Is 23719 a prime number?
True
Is 19322 a prime number?
False
Is 4909 a composite number?
False
Is 307627 prime?
True
Is 6761 a prime number?
True
Is 35589 a composite number?
True
Is 16291 a composite number?
True
Is 175327 prime?
True
Is 64871 composite?
False
Is 40781 a prime number?
False
Is 582307 a prime number?
False
Is 483869 prime?
True
Is 701 composite?
False
Is 173783 a prime number?
True
Is 486193 composite?
False
Is 4717 a composite number?
True
Is 153019 a composite number?
True
Is 86579 prime?
True
Is 170579 prime?
True
Is 65438 a prime number?
False
Is 22303 composite?
False
Is 20759 a prime number?
True
Is 77117 a prime number?
False
Is 12777 a prime number?
False
Is 130631 composite?
False
Is 131611 a composite number?
False
Is 2039 prime?
True
Is 228863 prime?
False
Is 163273 prime?
False
Is 143851 a composite number?
True
Is 4687 a composite number?
True
Is 6387 prime?
False
Is 995801 composite?
False
Is 76333 a prime number?
True
Is 38351 prime?
True
Is 471005 prime?
False
Is 23789 a composite number?
False
Is 15817 composite?
False
Is 714041 prime?
False
Is 1847 a prime number?
True
Is 5027 composite?
True
Is 38443 prime?
False
Is 823983 a prime number?
False
Is 161857 composite?
True
Is 35661 a prime number?
False
Is 18923 a prime number?
False
Is 754945 a composite number?
True
Is 2093359 a composite number?
False
Is 1733 a prime number?
True
Is 26213 prime?
False
Is 2219 prime?
False
Is 89855 a prime number?
False
Is 5123 a composite number?
True
Is 9442 a prime number?
False
Is 64133 prime?
False
Is 3833 a composite number?
False
Is 2661 a prime number?
False
Is 73709 prime?
True
Is 283541 prime?
True
Is 37241 composite?
True
Is 283907 a prime number?
False
Is 2179 composite?
False
Is 1287187 prime?
False
I